) = -s**2 + 3. Determine k(w).
-13
Let u = -3 + 12. Let p(i) = 0 - 1 + 1 + u*i + 1. Suppose 3*s = -3 + 6. Determine p(s).
10
Let j(u) be the third derivative of 9*u**2 + 1/24*u**4 + 1/60*u**5 + 0*u + 0 - 1/120*u**6 + 5/2*u**3. Determine j(0).
15
Let z be (-4)/(-12) + (-22)/(-6). Let r(a) be the second derivative of a**3/3 - 2*a**2 + 8*a - 34. Give r(z).
4
Let i(a) = -7*a**3 + 5*a**2 + a - 4. Let m(j) = -j**2 + 1. Let l(o) = -i(o) - 4*m(o). Suppose -b + 25*b = -24. What is l(b)?
-7
Let w(z) = -5. Let t(u) = 2*u - 14. Let q(h) = 4*t(h) - 11*w(h). Give q(4).
31
Let l(f) = -f**2 + 6*f - 2. Suppose 2*k = 0, -3*k + 7 = 5*c - 18. Suppose c*j = -3*p + j + 10, 8 = -4*j. Suppose 0 = 4*w - 3*w - p. Calculate l(w).
-2
Let s = 49 + -76. Let d = -31 - s. Let k be d/(8/(-10))*-1. Let q(h) = h + 5. Determine q(k).
0
Suppose 0 = -3*k + 23*k - 60. Let b(w) be the third derivative of -w**6/120 + w**5/20 - w**4/6 + 2*w**3/3 - w**2. Calculate b(k).
-8
Let h(r) = -r**3 + 7*r**2 - 15*r + 21. Let s be h(5). Let d(x) = -x**3 - 5*x**2 + 5. What is d(s)?
-11
Let r(n) = 8*n - 18884 + 18884. Give r(-3).
-24
Let o(u) = -5*u + 15. Let c(k) = -7 - 1 + 9 + 3*k - 9. Let y(h) = 11*c(h) + 6*o(h). Calculate y(-3).
-7
Suppose m + 4*i - 4 = 0, 5*m - 6 + 3 = -3*i. Let y(v) = 4*v**2 - 4*v - 4. Let q(u) = -u**2 + u. Let f(n) = 5*q(n) + y(n). Calculate f(m).
-4
Let x(n) = 0*n - 3 - n + 0. Suppose 0 = -3*w + 2*k + 38, -3*w + 22 = -2*w - 3*k. Let m be 2*5/w*-5. Determine x(m).
2
Let l(n) = -16*n**3. Let x be l(1). Let m = 919 + -863. Let d be x/m - 4/(-14). Let t(u) = u**2 + u - 5. Calculate t(d).
-5
Let l(h) be the second derivative of -2*h**3/3 + h**2/2 + 5*h. Suppose -2*g = 3*c + 29 - 94, -g = 2*c - 42. Let a = -18 + c. What is l(a)?
-3
Let r be -14 + 4 + -15 + 26. Let q(a) be the third derivative of a**5/60 - a**4/24 - a**2. Calculate q(r).
0
Let m(h) = 5*h**3 - 3*h - 2. Let o = 51 + -52. Let f be m(o). Let n(x) be the third derivative of 5*x**4/24 + x**3 - x**2. Determine n(f).
-14
Let z(y) = -y**2 + 6*y - 5. Let u(t) = t**3 - 17*t**2 - 6*t + 2. Let x be u(17). Let a = x + 106. What is z(a)?
-5
Let v(f) = f**3 + 6*f**2 + 5*f - 2. Let k = -65 + 32. Let g be (4 + -8)/(-8) + k/6. What is v(g)?
-2
Let n be 336/(-80) - (-6)/5. Let w(u) = u**3 + 2*u**2 - u + 2. What is w(n)?
-4
Let l(t) = t**3 - 10*t**2 + t + 9. Let n = 120 - 110. Calculate l(n).
19
Let t(x) = -7*x**2 - 4*x - 4. Let j(w) = -19*w**2 - 11*w - 11. Let a(l) = -4*j(l) + 11*t(l). What is a(2)?
-4
Let n = 5 - -1. Let l(i) = i**3 - 7*i**2 - 2*i + 6. Let z(f) = -4 - 2*f**2 - f**3 - 2 + f + 9*f**2. Let k(r) = -5*l(r) - 6*z(r). What is k(n)?
-6
Let l(q) be the third derivative of 1/12*q**4 - 1/2*q**3 - 1/120*q**5 + 0 + 4*q**2 + 0*q. Let g(y) be the first derivative of l(y). Determine g(6).
-4
Let r(p) = -p**3 + p**2 + 2*p + 3. Let f be r(2). Let z(c) be the first derivative of c**4/4 - 2*c**3/3 + 3*c**2/2 - 3*c + 5. Calculate z(f).
15
Let j = 12 + -20. Let c(f) = f - 2. What is c(j)?
-10
Let q = -37 - -15. Let v = q - -28. Let a(g) = -g. What is a(v)?
-6
Let m(u) = -2*u**2 + 8*u - 3. Let g be (-2)/19 - (-473)/(-19). Let n = 30 + g. What is m(n)?
-13
Let g(x) = -x**2 + 8*x - 5. Let k be (-14)/63 - (-148)/18. Let b(m) = 31*m - 22*m + 2 - k - 2*m**2. Let a(i) = -2*b(i) + 3*g(i). What is a(-6)?
-3
Let q(k) = k**2 - k - 5. Suppose -2*j - 6 + 16 = 4*g, 20 = -5*j - g. Determine q(j).
25
Let z(b) be the third derivative of b**5/60 - b**4/8 - b**3/2 + 34*b**2 + 4. What is z(-3)?
15
Let r(c) = c**2 - 2*c. Let t = -67 - -64. Let q(i) = -i**2 + 2*i + 19. Let k be q(t). Calculate r(k).
8
Let g(h) be the third derivative of -11*h**4/24 - h**3/6 - 4*h**2 - 32. Calculate g(2).
-23
Let v(s) = -3*s - 1. Let i(n) be the second derivative of -n**5/20 - 7*n**4/12 + 7*n**3/6 - 7*n**2/2 + 20*n. Suppose z + 0*z = -8. Let g be i(z). Give v(g).
-4
Suppose o = -0*o + 28. Let l = 30 - o. Let p(j) = j**2 - 2*j - 1. Calculate p(l).
-1
Let g be (7/2)/(387/18 + -21). Let q(l) = 4*l - 2. Calculate q(g).
26
Let v(h) = -2*h**2 + 20*h + 5. Let u(k) = -3*k**2 + 22*k + 6. Let o(m) = -3*u(m) + 4*v(m). Determine o(-14).
2
Let k be (126/(-168))/(3/(-32)). Let o(x) = 2*x**2 - 12*x + 12. Give o(k).
44
Suppose r - 78*k - 1 = -75*k, 5*k + 5 = 0. Let p(z) = 9*z**3 + 3*z**2. Calculate p(r).
-60
Suppose -15 = -3*g + 3*b, -4*g + g - 3*b - 15 = 0. Suppose 4*i + i + 5 = g. Let h(p) = -p + 13*p**3 + 2*p**2 - 1 + p**2 - 2*p**2 - 5*p**3. What is h(i)?
-7
Let k(v) = -v**3 - 8*v**2 - 9*v - 2. Let o be k(-6). Suppose 74 = 3*m + 23. Let l = o + m. Let t(g) = -g**3 - 2*g**2 + 2*g - 3. Calculate t(l).
0
Let q(y) = 5*y - 6. Suppose 0 = 47*p + 60 + 363. What is q(p)?
-51
Let p(x) = -x**3 + 2*x**2 - 2*x + 2. Let s(g) = -g**3 + 19*g**2 - 34*g + 2. Let q be s(17). Determine p(q).
-2
Let d(x) = -5*x**3 + 5*x**2 - 5*x. Let m(l) = -6*l**3 + 5*l**2 - 5*l + 1. Let r(s) = -5*d(s) + 4*m(s). Let v be r(3). Let u(n) = 5*n. Calculate u(v).
5
Suppose 57 = -11*q - 20. Let d(a) = -a**3 - 8*a**2 - 10*a - 13. Calculate d(q).
8
Let x(h) be the first derivative of -2*h**2 + 5*h + 1. Let q(c) be the third derivative of -c**4/6 - 2*c**2. Let v be q(-1). Determine x(v).
-11
Let d(l) = -l**3 + l**2 + l + 3. Let k be (-9)/(21/(-3) - -4). Give d(k).
-12
Let w(o) = o**2 - 12*o - 3. Let p = 1272 + -1260. What is w(p)?
-3
Let f(w) = 32*w - 2 + 31*w + 23*w - 1 - 85*w. Give f(7).
4
Let y(m) = 3*m + 4. Let u = 625 - 625. Give y(u).
4
Let w = 5 - 8. Let l = w - -1. Let u(q) = 11 - 8 + 1191*q - 1182*q. What is u(l)?
-15
Let b(o) be the second derivative of o**3/3 + 773*o. Calculate b(-1).
-2
Let p(o) be the second derivative of -1/3*o**3 - 13/6*o**4 - 2 - 1/2*o**2 - 8*o. What is p(-1)?
-25
Let u(y) = 2*y**2 - 33*y - 4. Suppose -4*c + 5*o = -83, 80 = 4*c - 3*o - o. Determine u(c).
13
Let c be (10/(-15))/(2/(-6)) + 5. Let g(j) = c - 6 + j**3 + 0 - 3*j**2 - 2*j. Calculate g(4).
9
Let a(c) = c**2 + c. Let i(p) = -p**2 - 33*p - 187. Let z be i(-26). Determine a(z).
20
Let z(v) = 1. Let i(f) = -15*f + 8. Let b(p) = 31*p - 17. Let l(k) = -2*b(k) - 5*i(k). Let o(w) = -l(w) - 5*z(w). Let j = 167 - 168. What is o(j)?
14
Let y(p) = -p**2 + 4*p + 8. Let x = 25 - 21. Let b(v) = v**3 - 4*v**2 + 2*v - 2. Let z be b(x). Calculate y(z).
-4
Let q(r) be the second derivative of r**4/12 - 5*r**3/6 + r**2/2 - 3*r + 8. Suppose 0 = -2*l + 13 - 1. What is q(l)?
7
Let o(n) = n**3 - 6*n**2 + 3. Let l(p) = -9*p - p**2 - 3*p - 8 + 5*p. Let z be l(-4). Suppose -5*s + 30 = 2*m, -s = -z*m - 5 - 1. Determine o(s).
3
Let f(o) = o**3 - 5*o**2 - 25379 + 25379 + 6*o. Calculate f(5).
30
Let l(d) = d + 22. Let f be l(-18). Let w be (-6)/9*(-6)/f. Let c(o) = 3*o - 5*o + o - w. Determine c(-3).
2
Suppose -2*o = -8, -6*h = -3*h + 4*o - 46. Let w(u) = u**2 - 11*u + 7. What is w(h)?
-3
Suppose 0 = -5*l - 5*m + 55, -3*l + 19 = 5*m - 24. Let i(k) = 25*k**2 - 7. Let j(q) = -1. Let h(v) = l*j(v) - i(v). Calculate h(1).
-24
Suppose 5*x + 24 = 44. Let b(a) = -x*a + 15*a + 4 - 8*a. Calculate b(-5).
-11
Let h(j) be the first derivative of j**2 - j + 135. Calculate h(-4).
-9
Let w(h) = -h**3 + 8*h**2 - 8*h - 2. Let i be (136/12)/((-1)/(-3)). Suppose i*k - 33*k = 7. Give w(k).
-9
Let x(r) be the third derivative of r**5/60 + r**3/3 - 2*r**2 + 64*r. Let b = -11 + 8. Calculate x(b).
11
Let j(f) = 2*f - 4*f - 2 + f. Suppose 0 = 6*v + 12*v + 54. What is j(v)?
1
Let l = 119 - 116. Let q(v) = v**3 - 3*v**2 + 3*v - 7. What is q(l)?
2
Let m(l) = 5*l**2 + 2. Let z(x) = -x**2 - 1. Let d = 23 + -27. Suppose 4 - 2 = -2*c. Let g(a) = c*m(a) + d*z(a). What is g(2)?
-2
Suppose -4*j + 5*j = 4. Let p be 10/(-2 - (0 + -4)). Let v(n) = -n**3 + j + 4 - 5 + 0*n**2 - p*n**2. Give v(-4).
-13
Let i(w) = 2*w**2 + 4*w - 6. Suppose 5*u - 40 = 4*r, -8*r + u = -11*r - 11. Determine i(r).
24
Let t(m) be the third derivative of m**6/120 + m**5/30 + m**4/12 + m**3/6 + 7*m**2. Let d be t(-1). Let v(k) = k**2 - 1 - 6*k + 6 + d + 1. Calculate v(4).
-2
Let o(l) = -l**3 - 3*l**2 - 2*l - 4. Suppose -4*s - 4*p = 12, 5*p + 23 = -4*s + 6. Suppose 0 = s*v + 4*a + 22, -8*v + 4*v - 4*a = 28. Determine o(v).
2
Let w(v) = 2*v - 35. Let a(r) = 4*r - 68. Let d(z) = 4*a(z) - 7*w(z). Calculate d(15).
3
Let s be ((-360)/(-63))/(30/84). Let g(n) = n**2 - 16*n - 15. Give g(s).
-15
Let n = 455 + -461. Let w(m) = -3*m + 2. Dete